est common factor of 266 and 42?
14
What is the highest common divisor of 58 and 1247?
29
What is the highest common divisor of 108 and 27?
27
What is the greatest common divisor of 54 and 1431?
27
What is the highest common divisor of 18 and 4?
2
What is the highest common divisor of 410 and 2?
2
What is the highest common factor of 1290 and 5?
5
What is the greatest common divisor of 20008 and 123?
41
What is the greatest common factor of 4 and 452?
4
What is the greatest common divisor of 62 and 217?
31
Calculate the greatest common divisor of 1572 and 3.
3
What is the highest common divisor of 33 and 1133?
11
What is the greatest common factor of 51 and 3?
3
Calculate the greatest common factor of 141 and 329.
47
What is the greatest common factor of 1450 and 850?
50
What is the highest common divisor of 117 and 225?
9
Calculate the greatest common divisor of 1584 and 99.
99
Calculate the greatest common factor of 3116 and 228.
76
Calculate the greatest common factor of 96 and 400.
16
What is the greatest common divisor of 133 and 171?
19
Calculate the highest common divisor of 64 and 15440.
16
Calculate the greatest common factor of 756 and 3132.
108
What is the highest common factor of 30 and 240?
30
What is the greatest common divisor of 351 and 767?
13
Calculate the highest common divisor of 1248 and 1092.
156
What is the highest common factor of 79 and 1?
1
Calculate the greatest common divisor of 437 and 23.
23
What is the greatest common factor of 8750 and 2800?
350
Calculate the highest common divisor of 11934 and 429.
39
Calculate the highest common divisor of 116 and 87.
29
Calculate the highest common divisor of 304 and 19000.
152
What is the highest common divisor of 75 and 100?
25
Calculate the highest common divisor of 250 and 300.
50
What is the greatest common factor of 575 and 7199?
23
Calculate the highest common factor of 23613 and 51.
51
Calculate the greatest common divisor of 7452 and 2268.
324
Calculate the greatest common divisor of 923 and 71.
71
What is the greatest common factor of 6623 and 185?
37
Calculate the greatest common factor of 1243 and 55.
11
Calculate the greatest common divisor of 8770 and 10.
10
Calculate the highest common factor of 86 and 2.
2
What is the highest common divisor of 12 and 40?
4
What is the highest common divisor of 24 and 114?
6
What is the greatest common factor of 55 and 209?
11
What is the highest common divisor of 108 and 8?
4
What is the highest common divisor of 16 and 208?
16
Calculate the highest common factor of 126 and 224.
14
Calculate the greatest common factor of 772 and 8.
4
What is the greatest common factor of 1111 and 2525?
101
Calculate the greatest common factor of 170 and 136.
34
What is the greatest common divisor of 66 and 30?
6
What is the greatest common factor of 304 and 133?
19
What is the highest common factor of 4120 and 103?
103
What is the highest common factor of 44969 and 466?
233
Calculate the greatest common factor of 7888 and 32.
16
What is the highest common divisor of 455 and 105?
35
What is the greatest common divisor of 221 and 26?
13
Calculate the greatest common divisor of 30 and 30.
30
Calculate the greatest common divisor of 1420 and 60.
20
What is the highest common factor of 2159 and 1016?
127
What is the highest common divisor of 9600 and 96?
96
What is the greatest common factor of 51 and 3315?
51
What is the greatest common divisor of 1554 and 168?
42
Calculate the greatest common factor of 3619 and 22.
11
What is the greatest common factor of 1554 and 84?
42
What is the highest common factor of 45 and 430?
5
Calculate the highest common factor of 15 and 105.
15
Calculate the greatest common divisor of 26 and 1222.
26
Calculate the greatest common divisor of 280 and 112.
56
What is the highest common factor of 176 and 110?
22
Calculate the highest common factor of 41738 and 82.
82
Calculate the greatest common factor of 248 and 4340.
124
What is the highest common divisor of 6 and 39?
3
What is the highest common divisor of 186 and 228?
6
What is the highest common divisor of 3094 and 28?
14
Calculate the greatest common divisor of 4396 and 56.
28
What is the highest common factor of 54 and 936?
18
Calculate the highest common divisor of 8 and 1384.
8
What is the greatest common factor of 37 and 333?
37
Calculate the highest common factor of 195 and 325.
65
What is the highest common factor of 240 and 552?
24
Calculate the highest common divisor of 124 and 12.
4
What is the greatest common divisor of 50 and 170?
10
Calculate the highest common factor of 39 and 325.
13
What is the highest common factor of 344 and 1849?
43
What is the highest common factor of 14883 and 123?
123
What is the highest common divisor of 2368 and 74?
74
Calculate the highest common divisor of 178 and 7387.
89
Calculate the highest common divisor of 19482 and 34.
34
What is the highest common factor of 5535 and 164?
41
What is the highest common factor of 13 and 7319?
13
What is the greatest common factor of 20 and 1410?
10
What is the greatest common divisor of 2 and 16610?
2
What is the highest common divisor of 17 and 646?
17
Calculate the highest common factor of 2 and 446.
2
What is the greatest common divisor of 1125 and 90?
45
Calculate the greatest common factor of 143 and 39.
13
What is the greatest common divisor of 15 and 65?
5
Calculate the highest common factor of 54 and 18846.
54
Calculate the highest common factor of 72 and 504.
72
Calculate the greatest common divisor of 1012 and 276.
92
Calculate the greatest common divisor of 2175 and 300.
75
What is the highest common divisor of 39 and 689?
13
Calculate the highest common divisor of 810 and 24.
6
Calculate the highest common divisor of 1703 and 2096.
131
What is the greatest common factor of 139 and 2085?
139
What is the greatest common factor of 60 and 390?
30
What is the highest common factor of 1020 and 51?
51
What is the greatest common factor of 76 and 19?
19
Calculate the greatest common factor of 6 and 51.
3
Calculate the greatest common divisor of 484 and 56.
4
Calculate the highest common divisor of 14 and 896.
14
What is the greatest common factor of 1378 and 26?
26
What is the highest common factor of 287 and 82?
41
What is the greatest common divisor of 6 and 6366?
6
Calculate the highest common divisor of 3 and 14865.
3
What is the highest common divisor of 105 and 120?
15
What is the greatest common divisor of 387 and 639?
9
What is the greatest common divisor of 322 and 184?
46
What is the highest common factor of 51 and 6?
3
Calculate the highest common factor of 117 and 65.
13
Calculate the greatest common factor of 272 and 112.
16
What is the greatest common divisor of 58 and 3393?
29
What is the highest common divisor of 234 and 52?
26
What is the highest common factor of 192 and 3?
3
Calculate the highest common divisor of 319 and 99.
11
What is the greatest common divisor of 4608 and 216?
72
Calculate the highest common divisor of 182 and 98.
14
Calculate the greatest common factor of 828 and 68.
4
What is the greatest common divisor of 1152 and 1008?
144
Calculate the highest common factor of 3825 and 68.
17
What is the greatest common factor of 186 and 32829?
93
What is the greatest common divisor of 2397 and 408?
51
Calculate the greatest common divisor of 52 and 91.
13
What is the highest common divisor of 2148 and 84?
12
Calculate the highest common factor of 6 and 26.
2
Calculate the highest common divisor of 273 and 3367.
91
Calculate the highest common divisor of 8 and 404.
4
What is the greatest common factor of 9 and 711?
9
Calculate the greatest common factor of 310 and 1350.
10
What is the highest common divisor of 90 and 120?
30
Calculate the highest common factor of 24 and 36.
12
Calculate the highest common factor of 2226 and 84.
42
What is the greatest common factor of 2187 and 27?
27
What is the highest common divisor of 1120 and 128?
32
What is the greatest common factor of 3 and 4197?
3
What is the greatest common divisor of 57 and 1083?
57
What is the highest common factor of 2688 and 21?
21
Calculate the highest common factor of 47 and 135595.
47
What is the greatest common factor of 90 and 1020?
30
What is the greatest common divisor of 3977 an